57
Calculate the greatest common divisor of 526247360 and 230.
230
Calculate the greatest common factor of 116 and 10669042.
58
What is the highest common factor of 736 and 24001696?
736
Calculate the highest common divisor of 144 and 1705041.
9
Calculate the greatest common factor of 35948 and 13453.
11
Calculate the highest common factor of 2004393 and 435.
87
What is the highest common factor of 168360 and 44064570?
1830
What is the highest common divisor of 25972398 and 18?
18
What is the highest common divisor of 90 and 185046?
6
Calculate the greatest common divisor of 5 and 19185340.
5
Calculate the greatest common factor of 1325555 and 1210.
605
Calculate the highest common factor of 102480 and 2573712.
2928
Calculate the greatest common divisor of 4816240 and 5060.
220
Calculate the highest common factor of 72833 and 71.
1
What is the greatest common divisor of 60564 and 397740?
84
Calculate the highest common factor of 598529 and 15221.
491
Calculate the greatest common divisor of 2324 and 849716.
28
What is the greatest common divisor of 29274 and 626316?
246
Calculate the highest common factor of 201169254 and 429.
429
What is the greatest common divisor of 38507988 and 42?
6
Calculate the greatest common factor of 3612 and 493836.
84
What is the highest common divisor of 139795136 and 13?
13
What is the greatest common divisor of 9960320 and 289930?
790
Calculate the highest common divisor of 12077796 and 964126.
4034
What is the greatest common factor of 385112 and 301?
7
What is the greatest common divisor of 410 and 1629053?
41
Calculate the greatest common factor of 4140 and 9279936.
36
Calculate the highest common divisor of 28 and 48278482.
14
What is the greatest common factor of 6889071 and 13104?
21
Calculate the greatest common divisor of 413 and 499051.
7
What is the highest common divisor of 3029 and 10686312?
3029
What is the greatest common factor of 2885213 and 26841?
389
Calculate the highest common divisor of 16303 and 38959512.
2329
What is the highest common divisor of 218183 and 3437749?
497
Calculate the highest common divisor of 4675597 and 1.
1
Calculate the highest common factor of 380 and 197558740.
20
What is the highest common divisor of 306078 and 2694?
6
Calculate the greatest common divisor of 905100 and 825.
75
What is the greatest common factor of 1202516 and 2191?
7
Calculate the greatest common divisor of 2467586 and 286.
22
Calculate the highest common factor of 42859520 and 80.
80
Calculate the greatest common divisor of 33 and 108670903.
11
Calculate the greatest common factor of 10320 and 1672872.
1032
Calculate the highest common factor of 72422423 and 23.
23
What is the highest common factor of 10112 and 194261?
79
Calculate the highest common factor of 34975538 and 1742.
26
What is the greatest common factor of 4034 and 353876599?
2017
Calculate the greatest common factor of 203638 and 63394.
58
What is the highest common factor of 23008901 and 552700?
5527
What is the greatest common divisor of 14778264 and 24?
24
Calculate the highest common divisor of 45 and 4674981.
3
What is the greatest common divisor of 289444 and 2441444?
1076
What is the highest common divisor of 55824 and 2881104?
48
Calculate the highest common divisor of 442751 and 4849.
373
Calculate the highest common divisor of 292349 and 118813.
493
Calculate the highest common factor of 1153156 and 1044.
116
Calculate the greatest common factor of 8757879 and 114.
57
What is the highest common factor of 280 and 14125048?
56
What is the highest common divisor of 16792254 and 1104?
138
What is the greatest common divisor of 122755126 and 26?
26
Calculate the highest common factor of 4 and 336131.
1
What is the highest common factor of 90 and 10315710?
90
Calculate the greatest common divisor of 315 and 46586610.
315
Calculate the highest common factor of 15 and 31469370.
15
Calculate the highest common divisor of 769602 and 30102.
174
Calculate the greatest common factor of 178684 and 1054.
62
Calculate the highest common divisor of 1136 and 1825168.
16
What is the highest common divisor of 65941113 and 17493?
2499
What is the highest common divisor of 254160 and 58320?
720
What is the greatest common factor of 16652 and 140139?
23
Calculate the highest common divisor of 849 and 6159.
3
What is the highest common divisor of 1335104 and 51152?
368
Calculate the highest common factor of 11727002 and 777.
259
Calculate the highest common divisor of 90797 and 6346634.
763
What is the greatest common factor of 2 and 84481574?
2
Calculate the highest common factor of 5 and 12183935.
5
What is the highest common divisor of 2436 and 2462379444?
2436
Calculate the highest common factor of 59 and 171295.
1
What is the greatest common divisor of 120875 and 7500?
125
What is the highest common factor of 10783 and 903931?
263
What is the greatest common divisor of 3953130 and 3570?
30
What is the greatest common divisor of 56 and 158543584?
8
Calculate the highest common divisor of 5 and 550278515.
5
What is the greatest common factor of 44646034 and 212?
106
Calculate the highest common factor of 537340 and 74980.
20
Calculate the greatest common divisor of 3482501 and 20570.
2057
Calculate the highest common factor of 2618 and 9741102.
238
Calculate the highest common divisor of 20020 and 972335.
455
What is the greatest common divisor of 230747 and 2299?
121
What is the highest common factor of 17306 and 1494424?
1018
What is the greatest common factor of 763155 and 8565?
15
What is the greatest common divisor of 732191 and 6?
1
Calculate the greatest common factor of 6312555 and 659115.
6795
Calculate the greatest common factor of 118406612 and 4148.
244
What is the greatest common factor of 416 and 25978888?
104
What is the highest common divisor of 19 and 79481161?
19
Calculate the highest common divisor of 54410 and 10740.
10
Calculate the highest common factor of 1008715 and 1345.
5
What is the highest common factor of 1400 and 107563960?
280
What is the greatest common factor of 33456549 and 105?
21
Calculate the greatest common factor of 5838831 and 36018.
783
Calculate the greatest common factor of 288 and 34874640.
144
Calculate the highest common divisor of 12207586 and 369.
41
What is the highest common factor of 10874090 and 10?
10
Calculate the highest common factor of 45 and 639995.
5
What is the greatest common divisor of 4075 and 1577351?
163
What is the greatest common factor of 22725440 and 128?
64
What is the highest common divisor of 2487 and 539763?
3
What is the highest common divisor of 4128 and 309864?
24
What is the highest common divisor of 215 and 237748075?
215
Calculate the greatest common divisor of 540853786 and 5566.
5566
Calculate the highest common divisor of 28600 and 371176.
104
Calculate the highest common divisor of 101425488 and 1704.
1704
Calculate the greatest common divisor of 7032664 and 8832.
184
What is the highest common divisor of 13947856 and 156?
52
What is the greatest common factor of 492435 and 2019960?
1395
What is the greatest common divisor of 776 and 25815677?
97
What is the highest common divisor of 8572 and 528573093?
2143
What is the greatest common divisor of 141532 and 7149092?
3452
What is the greatest common divisor of 18894 and 618849?
141
What is the greatest common divisor of 2331083 and 284640?
593
What is the highest common divisor of 54214518 and 57642?
4434
Calculate the highest common divisor of 411301 and 899536.
2959
What is the greatest common factor of 300 and 726636?
12
What is the greatest common factor of 649 and 1276088?
11
What is the greatest common divisor of 2 and 2188451?
1
Calculate the greatest common factor of 143185 and 16079.
7
What is the greatest common factor of 4154518 and 458?
458
What is the greatest common divisor of 17804297 and 10523?
619
Calculate the greatest common divisor of 6912 and 70154640.
432
What is the greatest common factor of 302696 and 184004?
628
What is the highest common factor of 698 and 224441551?
349
Calculate the highest common factor of 29480368 and 656.
16
Calculate the greatest common divisor of 209956 and 312.
4
What is the highest common divisor of 191504342 and 58?
58
What is the highest common factor of 27 